tors of v.
2, 5
Let k(h) = -h + 1. Let p be k(-8). Suppose -4*l + p = -3. Suppose 20 = l*m - 22. List the prime factors of m.
2, 7
Suppose 0 = 5*o - 8 - 2. Suppose o*s - 4*w = 4, s - w + 5*w = 26. List the prime factors of (28/10)/(s/25).
7
What are the prime factors of (-4)/(16/(-396))*(-6)/(-2)?
3, 11
List the prime factors of (112/(-40))/(1/(-15)).
2, 3, 7
Let j(a) = a + 1. Let f be j(-1). Let s be (0 + -1 - f)*-2. Let h(z) = 2*z**3 + z**2. What are the prime factors of h(s)?
2, 5
Let a(p) = 10 - 3*p - 3*p + 2*p. List the prime factors of a(-7).
2, 19
What are the prime factors of 36*2*(-20)/(-32)?
3, 5
Let j(w) = 50*w + 2. Let t be j(1). Let k = t + -29. List the prime factors of k.
23
Let a(d) = d**2 - 3*d + 1. Let c be a(2). What are the prime factors of 85*((-9)/15 - c)?
2, 17
Suppose -4*d + 3 + 31 = 2*s, 0 = -5*s - 2*d + 61. Let m = -7 + s. What are the prime factors of m?
2
Let t = -62 + 87. Suppose 3*f = 8*f - t. Let y(i) = -i**3 + 6*i**2 - i + 2. What are the prime factors of y(f)?
2, 11
Let h(j) = -j. Let s be h(2). Let w = 2 + s. What are the prime factors of 1 - (w - 1 - 4)?
2, 3
Let q = -136 - -196. What are the prime factors of q?
2, 3, 5
List the prime factors of 1*(0 - (3 - 4))*194.
2, 97
Suppose -6*w = -14*w + 2120. What are the prime factors of w?
5, 53
Let s(v) = -v**3 - 6*v**2 + 9*v - 3. Let b = 4 + 1. Let c(z) = -z**3 - 6*z**2 + 10*z - 2. Let r(i) = b*s(i) - 4*c(i). List the prime factors of r(-7).
7
Suppose 5*a - 25 = -10. What are the prime factors of a - (-3)/6*2?
2
Let x(k) = -2*k + 9. Let w be x(6). Let o be 2 - (-2)/(-3)*69. What are the prime factors of o/(-6)*w/(-2)?
11
Suppose -1 = -4*p - 5, 5*p = -2*k + 45. Suppose -3*y = g - 26, -21 = -3*g - y + k. What are the prime factors of 4*(-2 + g/4)?
2, 3
List the prime factors of 17/(-102) + (-85)/(-6).
2, 7
Let r = 1 + 2. Suppose 27 + 24 = r*b. What are the prime factors of b?
17
Let g(o) = 8*o**2 + 0*o**2 - 6*o**2 - 7*o - o**2 - 6. Suppose 0 = d + 2*d - 24. List the prime factors of g(d).
2
Suppose -5*n = v + 3, -4*n - 4*v = -3*v + 3. Suppose n = -3*g + 4 + 2. Suppose g*j = -5*b + 29, 5*j + 4*b - 61 = 3*b. List the prime factors of j.
2, 3
Let k be 89/(-13) - 12/78. Let m = k - -46. Suppose -2*q + 4*j + 17 = -23, 3*q = -j + m. What are the prime factors of q?
2, 7
Suppose 5*h + 14*x - 749 = 16*x, 0 = -3*h + 4*x + 441. List the prime factors of h.
151
Suppose -5*y = 25, -2*a - 1 + 32 = -3*y. List the prime factors of a.
2
Let y(x) = -11*x - 5. List the prime factors of y(-3).
2, 7
Let q(w) = 4*w**2 - 15*w + 7. What are the prime factors of q(8)?
11, 13
Let z(c) = 5*c + 5. What are the prime factors of z(13)?
2, 5, 7
Let j = 15 - -9. List the prime factors of j.
2, 3
Let t be (-2)/(-3) + (-3211)/(-39). Suppose 2*v - t = 5*a + 49, -a + 276 = 5*v. What are the prime factors of v?
2, 7
What are the prime factors of 12/8*16/2?
2, 3
Let z(d) be the first derivative of -2 - 1/2*d**2 + 5*d + 1/3*d**3 + 1/4*d**4. What are the prime factors of z(0)?
5
Let s = -1 - -1. Let y(i) = 25*i**3 + 5*i**2 + 2*i - 1 - 10*i**3 + s*i**2 - 7*i**2. What are the prime factors of y(1)?
2, 7
Let d(t) = -21*t**3 + t**2 + 2*t + 1. Suppose 8 = 2*y + 2*h - 4, 5*y = -h + 22. Suppose 0 = -y*p - 1 - 3. List the prime factors of d(p).
3, 7
Let b = 81 + -45. List the prime factors of b.
2, 3
Let a = 45 - 35. List the prime factors of a.
2, 5
Let z(k) = -k**2 - 7*k - 6. Let d be z(-5). Suppose 3*q - 2*i - 10 = 0, -q - d*i - i + 26 = 0. What are the prime factors of q?
2, 3
Let n(h) = 4*h**3 - 5*h**3 + 5*h - 4*h**2 + 0*h - 2. Let p be n(-5). What are the prime factors of 0 + p + 2*2?
2
Let z = 7 - 4. Let r = z + 13. List the prime factors of r.
2
Suppose 372 = u + 136. What are the prime factors of u?
2, 59
Suppose 3*x - x = 4*u - 6, 5*x = -5*u + 15. Suppose 3*w + x = 7. What are the prime factors of w?
2
Suppose 3*a + 106 = 5*a. List the prime factors of a.
53
Let b(d) = 2*d**3 - 3*d**2 - 3*d - 2. Let p be b(3). Suppose 0 = 4*r - p - 28. List the prime factors of r.
11
Suppose -2*t + c = 15, t + t + 4*c + 10 = 0. Let i be (-264)/t - (-6)/21. Suppose g - i = -g. List the prime factors of g.
19
Suppose 0*a + 5*r - 10 = a, -a + 14 = r. List the prime factors of a.
2, 5
Let n(g) = -g**3 - 8*g**2 + g + 7. Let h be n(-8). Let i(t) = -t. Let j(c) = c**2. Let x(u) = i(u) + 2*j(u). List the prime factors of x(h).
3
Let n = -24 - -39. Let d be (-27)/(-45) + 54/10. Suppose -c + n = d. List the prime factors of c.
3
Let n = 358 + -202. What are the prime factors of n?
2, 3, 13
Let h be (-4 - -2 - -3)*36. Suppose -h - 4 = -2*j. Suppose 0 = q + q - j. What are the prime factors of q?
2, 5
Let r(q) be the first derivative of q**2/2 - q + 4. List the prime factors of r(10).
3
Suppose -3*y = 15 - 102. List the prime factors of y.
29
Let m be (-2)/(-4) + 459/18. Suppose 2*u - m = -0*u. List the prime factors of u.
13
What are the prime factors of (-5)/(50/1965)*4/(-3)?
2, 131
Suppose z - 3*c + 0*c - 11 = 0, 3*z + 2*c = 11. Suppose -3*l = -z*l. Suppose l*i + i = 10. What are the prime factors of i?
2, 5
Suppose 2*a = a - 5. Let h(b) be the first derivative of -b**4/4 - 4*b**3/3 + b**2/2 - b - 2. What are the prime factors of h(a)?
19
Suppose -5*o = -0*x + x + 16, o = -x. What are the prime factors of x?
2
Let x(p) = -2*p - 9. Let m be x(-7). Suppose 3*b - 2*b + t - 32 = 0, -m*b - 4*t = -160. List the prime factors of b.
2
Let h = -120 + 295. List the prime factors of h.
5, 7
Let q = 52 + -22. What are the prime factors of q?
2, 3, 5
Let z = 3 - 1. Let x be (-5)/(-2) + z/(-4). Suppose -4 - 16 = -x*d. List the prime factors of d.
2, 5
Suppose -11*v = -9*v - 414. What are the prime factors of v?
3, 23
Let x be 5/20 + (-63)/(-4). Suppose -4*o = 2*r - 2 - 24, 3*o = -3*r + 15. Suppose 3*p = -h + x, -o = -5*p + 6*p - 3*h. List the prime factors of p.
2
Let r(l) = l**3 - 8*l**2 + 2*l - 11. Let n be r(8). Let w(x) = -3 + 2 - n + 4 + 3*x. List the prime factors of w(5).
13
Suppose -4*y = z - 7 - 6, 4*y - 4*z = -12. Suppose y*b + 2*b = 40. Let k = b + -1. What are the prime factors of k?
3
Let k = 7 + -5. Let t = k + -5. What are the prime factors of 16 - (-5)/(5/t)?
13
Let m(a) = -3*a**3 + 14*a + 6. List the prime factors of m(-4).
2, 71
Let g = -11 + 23. Suppose -2*u = -0*u. Suppose 0 = -u*z + z - g. What are the prime factors of z?
2, 3
Suppose 0*h = 5*h - 35. Let r = -3 + h. Suppose -r*k + 16 = 4. What are the prime factors of k?
3
Suppose 0 = -3*f - 3, 3*y - f = 3 + 10. Suppose 2*o - 5*r = 23, -6*o = -7*o - 2*r + 7. Suppose -y*j = -67 - o. List the prime factors of j.
19
Let d be ((-18)/(-45))/(1/5). Suppose -3*i + 13 = -n, 5*i - 2*n - 14 = d*i. What are the prime factors of i?
2
Let l(p) = -15*p + 3. List the prime factors of l(-2).
3, 11
Suppose -3*p + 2*w = -0*w - 15, 4*p - 20 = -5*w. What are the prime factors of p?
5
Suppose 5*b + 25 = 5*k, -6*k + 2*b = -k - 22. Let r be ((-22)/6)/((-1)/(-3)). List the prime factors of k/(-2*1) - r.
3
Let s(d) = -d**3 - 2*d**2 - 4*d - 1. Let l be s(-3). Suppose -l = -5*p + 25. What are the prime factors of p?
3
Suppose 5*b + 15 = 3*r + 2*r, -r + 4*b - 3 = 0. Suppose -r*l = -12 - 8. Let t(s) = -s + 7. List the prime factors of t(l).
3
Suppose 83 = 3*g - 16. List the prime factors of g.
3, 11
List the prime factors of 768/(-2)*(-8)/24.
2
Let c(j) be the second derivative of -j**5/20 + 2*j**4/3 + 2*j**3 - 13*j**2/2 - 3*j. Let p = -17 - -26. List the prime factors of c(p).
2, 7
Suppose n - 3*p = 26, 3*n - 67 = 4*p - 4. What are the prime factors of n?
17
Let f(n) = -n + 2. Suppose 5*g - 2*r = 0, -7 = 4*g + 3*r + 16. What are the prime factors of f(g)?
2
Suppose -h = 5*d + 3*h - 245, -147 = -3*d + 5*h. List the prime factors of d.
7
Let s be (10*-5 - -1)*-1. Suppose s = 2*n + t, -5*t + t = -3*n + 101. List the prime factors of n.
3
Let p(d) = 7*d + 2. Suppose -8*j + 30 = -3*j + x, 2*j + 4*x = -6. What are the prime factors of p(j)?
3, 17
Let i(w) = -5*w + 3. Let r be i(-4). Let k = r + -8. List the prime factors of k.
3, 5
Let c be ((-64)/(-6))/((-3)/(-9)). Suppose i - c = -i. What are the prime factors of i?
2
Let c(v) = -4*v**2 - 2*v + 3. Let h(l) = 5*l**2 + 2*l - 4. Let z(q) = 6*c(q) + 5*h(q). What are the prime factors of z(-3)?
13
Let t(z) = -z**3 + 3*z**2 - z + 2. Let o be 1/(1/3 + 0)